 + 17*g - 10. Suppose -z = 3*z - 12, 0 = 5*u - g*z - 100. What is the units digit of u?
3
Let b = -14 - 3. Let x(c) = -c**3 - 6*c**2 + 6*c - 5. Let a be x(-7). What is the tens digit of -1 - b - (1 + a)?
1
Let m(o) = -o. Let c(i) = i. Let k(v) = v - 11. Let t(u) = -4*c(u) + k(u). Let q(r) = 6*m(r) + t(r). What is the tens digit of q(-5)?
3
Let c be (-5)/(10/9)*-22. Let x be (c/36)/((-1)/(-12)). Let f = 54 - x. What is the units digit of f?
1
Let i be 4 - ((-3 - -38) + -1). Let u be (0 - (-140)/(-25))*i. Suppose -3*z + 4*p + u = -38, 209 = 3*z - p. What is the units digit of z?
0
Suppose -5*h = 5*n - 15, 0 = 3*h - 3*n - 2*n + 15. Let d = -36 + 56. Suppose h*p = p - d. What is the tens digit of p?
2
Suppose -62*f + 10640 = -43*f. What is the hundreds digit of f?
5
What is the thousands digit of ((-1774)/(-24)*4)/(5/30)?
1
What is the hundreds digit of 570 - (-1 - -2)*6?
5
Let o = 27 + -29. What is the tens digit of 2*16 + (o - 2)*1?
2
Let z be 60/(0 - -4) - 4. Suppose -7*s - 4 = -z*s. What is the units digit of (1/4)/(s/36)?
9
Suppose 5*i = -r + 449, 3*i + 222 - 1155 = -2*r. Let g = -138 + r. What is the hundreds digit of g?
3
Let r(f) = 2*f - 28. Let i be r(14). Suppose -5*h + i*h + 1060 = -k, -648 = -3*h + 3*k. What is the tens digit of h?
1
Let g(n) = -n - 3. Let c be g(-5). Suppose c = 3*q + 5, -606 = -5*k - 4*q. What is the hundreds digit of k?
1
Let c(o) = -o**2 - 49*o. What is the tens digit of c(-33)?
2
Let i = 190 - 48. What is the units digit of i?
2
Let i(q) = 9*q - 13. Suppose -23*s + 22 = -21*s. What is the units digit of i(s)?
6
Let s = -664 - -1108. What is the hundreds digit of s?
4
Suppose 2*r - 2*h - 10 = 6, 3*r - 5*h - 32 = 0. Let f be r/(4/(-160)*-2). Suppose -3*n + 12 = -0*n, -4*d + f = -4*n. What is the units digit of d?
4
Let v(r) = r**3 - 2*r**2 - 5*r + 4. Let m be (-16)/(-4)*(-1 + 2). Suppose f = d - 0*d + 1, 0 = -5*f - m*d + 32. What is the tens digit of v(f)?
1
Suppose -17*p + 13794 = -5433. What is the tens digit of p?
3
Let u = 13 + -10. Suppose d = u*s - 225, s + 5*d - 19 = 72. What is the tens digit of s?
7
Let c = -22 + 37. Let u = c - 9. Suppose 39 = 5*w - u. What is the units digit of w?
9
Let l(g) = 18*g. Let i be l(1). Let k = i + -15. Suppose -212 = -5*r + c, 5*r - 77 = 3*r + k*c. What is the tens digit of r?
4
Let p(y) = -y**3 + 6*y**2 + 4*y. Let v be p(5). Let u be v/30*190/3. Suppose 4*h - 192 = -4*m, -5*m = 3*h - u - 39. What is the units digit of h?
3
Let h = -4 - -6. Suppose -2*r + 0*r + 8 = 0, h*z + 4*r = 96. Let o = 67 - z. What is the tens digit of o?
2
Let h(q) = 19*q**2 - 12*q + 55. What is the tens digit of h(4)?
1
Let k be (2/4)/(16/(-288)). Let h(n) = n**2 + n - 13. Let f be h(k). Let w = -37 + f. What is the tens digit of w?
2
Suppose 12*h = 11*h - 5, n + 5*h - 485 = 0. What is the units digit of n?
0
Let o(a) = -44*a**3 + 10*a**2 + 61*a + 2. What is the thousands digit of o(-4)?
2
What is the units digit of -159*(-1)/(4/(-8)*-2)?
9
Suppose -5*f + 10 = 5*w, -2*f + 28 = 3*f - w. Suppose -f*o - 6 = -8*o. Suppose 26 + 10 = o*x. What is the units digit of x?
8
Let o be 0/(2*(-2 - -3)). Let w(s) = -s**3 - s**2 + s + 5. Let z be w(o). Suppose 0*f = -z*f + 135. What is the tens digit of f?
2
Suppose 11151 = 4*m - 3*s, 3*s + 1077 + 1704 = m. What is the tens digit of m?
9
Suppose 6*f + 6*f - 60 = 0. Suppose f*i = 37 + 933. What is the tens digit of i?
9
Let p be (6/(-5))/(4/(-10)). Suppose -v - p*b + 388 = 0, 0 = 5*v + 3*b - 2868 + 880. Suppose 5*d - v = -3*d. What is the units digit of d?
0
Suppose -j = j - 10. Suppose 2*b = -3*b + 3*q + 545, -j*b - 5*q + 545 = 0. Suppose b + 76 = 5*f. What is the units digit of f?
7
Let i(b) = b**2 - 14*b + 7. Let m be i(14). Suppose -156 = k - m*k. What is the tens digit of k?
2
Let c = 5578 + -2130. What is the tens digit of c?
4
Suppose -2*b - 3 = -5. What is the units digit of 45/(-4)*(b + 5 + -10)?
5
Let t = 4 + -9. Let k = t - -42. Suppose 3*i + 2*y - k = 2*i, -3*i + 2*y + 87 = 0. What is the units digit of i?
1
Let g = -1265 - -2464. What is the hundreds digit of g?
1
Suppose -3*i = i - 4*u - 3108, 3*i + 2*u - 2306 = 0. What is the hundreds digit of i?
7
Suppose 4*a = -2*q - 2*q + 7624, -3*q - 7624 = -4*a. What is the thousands digit of a?
1
Let c = -34 + 16. Let h(u) = -u**3 - 17*u**2 + 17*u + 24. What is the units digit of h(c)?
2
Let g(r) = 3 + 2 - 5 - 42*r - 8. What is the tens digit of g(-4)?
6
What is the hundreds digit of (-2)/5 + (-54243)/(-45) + 6?
2
Let q = 1089 - -819. Suppose -21*g = -15*g - q. What is the units digit of g?
8
Let l = 15 - 10. Let z(n) = -25*n**2 - n - 1. Let u(s) = 24*s**2 + s + 1. Let i(j) = l*z(j) + 6*u(j). What is the units digit of i(-1)?
9
Let i(m) = -m**3 - 11*m**2 + 13*m + 8. Let b be i(-12). What is the units digit of -12*(0 + 18/b - 0)?
4
Let i(h) = -h**3 + 7*h**2 + 7*h + 10. Let p be i(8). Suppose p*k = 9 - 21. Let j(x) = -x**3 - 7*x**2 - 7*x + 8. What is the units digit of j(k)?
4
Let n(i) = 2*i**3 - 52*i**2 + 6*i + 105. What is the hundreds digit of n(27)?
7
Suppose 0 = -3*k - 2*k. Suppose -p + 225 = h, k = -h - 4*p + 2*p + 226. What is the hundreds digit of h?
2
Let b(j) = 13*j**2 - 81*j + 9. What is the hundreds digit of b(10)?
4
Let b(s) = 37*s - 350. What is the tens digit of b(30)?
6
Let u(d) = 5*d**2 + d. Let v be u(-1). Let y be ((-32)/40)/(v/(-90)). Suppose 0 = a - 0*a - y. What is the tens digit of a?
1
Suppose -4*n - 3*d - 4888 = -6*n, -4*d = 2*n - 4860. What is the tens digit of n?
3
Suppose -10*v - 4 = -12*v. Suppose -o + 4*a + v = 0, 0 = 3*o + 4*a - 5 - 33. What is the tens digit of o?
1
What is the units digit of (679/21 - 3)*(-147)/(-4)?
8
Let d = 170 - 89. Suppose 4*p = f - 0*p - 25, 0 = 5*f + 2*p - d. Suppose -32 = -5*g + g + 4*v, -f = -2*g + v. What is the units digit of g?
9
Let a(l) = -43*l - 71. Let i be a(-10). Let b = 565 - i. What is the units digit of b?
6
Suppose -573 = -44*m + 43*m. What is the tens digit of m?
7
What is the tens digit of 2090/7 - (-32)/(-56)?
9
Let m be 6/4 - 9/6. Suppose -3*b + 138 + 84 = m. Suppose -3*z + b = -1. What is the tens digit of z?
2
Suppose 0 = 5*j - 5*k - 260, -4*j = 4*k - 113 - 79. What is the units digit of j?
0
Suppose 9*l = -15*l + 23952. What is the tens digit of l?
9
Suppose 30 - 24 = 2*r. Suppose 3*y + 112 = -4*a + 497, r*a + 399 = 3*y. What is the tens digit of y?
3
Suppose 7 = v + 4. Suppose -v*f - f + 340 = 0. What is the tens digit of f?
8
Let c be 1 - (0 - (-712)/(-4)). What is the hundreds digit of (3 + -5)/(-2)*(0 + c)?
1
Suppose 0 = -3*a + 3448 + 3491. What is the hundreds digit of a?
3
Let p(y) = 5*y**3 + 4*y**2 - 4*y - 1. Let b be 36/(-4)*(-6)/27. What is the units digit of p(b)?
7
Let d = 518 - 261. What is the units digit of d?
7
Suppose 3*c - 3 = 2*c. Let h be (560/(-21))/((-1)/c). Suppose 5*k - 375 + h = 0. What is the tens digit of k?
5
Let p(q) = 2*q**3 - 30*q**2 + 19*q - 46. What is the tens digit of p(16)?
7
What is the tens digit of ((-1)/2)/(((-38)/4828)/19)?
0
Suppose 0 = 334*p - 335*p + 548. What is the tens digit of p?
4
Let v = 678 + -446. Suppose -4*g - 124 = -2*w, -2*g - v = -4*w + 2*g. What is the tens digit of w?
5
Suppose -7*v + 9*v = 30. Let l(z) = z**3 - 15*z**2 + 7*z - 8. What is the units digit of l(v)?
7
What is the hundreds digit of (1 + 1)/(890/(-297) - -3)?
5
Let i(p) = -p**2 - 13*p - 19. Let h be i(-11). Suppose 3*r + 168 = h*y, y - 69 = -5*r - 13. What is the units digit of y?
6
Let u be (-303)/(-15) - (-2)/(-10). Let c be ((-9)/(-3))/(15/u). Let o = c - -10. What is the units digit of o?
4
Let n be (-18)/((-12)/(-4)) - 3. Let h be (-3)/(-4) - n/(-12). What is the units digit of 26 + 8/(-4 - h)?
4
Let j(h) = -26*h + 10. Let f be j(3). Let u = f - -222. What is the units digit of u?
4
Suppose 0 = -21*v + 22*v - 387. Suppose 3*k - 109 = -5*b + v, 4*b = 4*k - 704. What is the units digit of k?
2
Suppose 1 = 5*h + u, 3*h + 4 = 2*u + 2*u. Suppose -5*x = -3*k - 1038, -2*x + 5*x - 2*k - 622 = h. What is the hundreds digit of x?
2
Let n = 107 + -293. Let x = -35 - n. What is the hundreds digit of x?
1
Let d = -40 + 31. Let j = 71 + d. What is the units digit of j?
2
Let q be (0/(-2))/(14 + -16). Suppose q = 4*w - 7*w + 744. What is the tens digit of w?
4
Let i(m) = 2159*m - 34. What is the units digit of i(2)?
4
Let y(m